{"id":42,"date":"2017-02-15T13:17:02","date_gmt":"2017-02-15T12:17:02","guid":{"rendered":"https:\/\/gallicare.de\/tap2\/tap2\/?page_id=42"},"modified":"2026-02-27T12:18:45","modified_gmt":"2026-02-27T11:18:45","slug":"notdienst","status":"publish","type":"page","link":"https:\/\/www.tierarztpraxis-todte.de\/index.php\/notdienst\/","title":{"rendered":"Notdienst vom\u00a005.12.2025 \u2013 06.06.2026"},"content":{"rendered":"\n<p class=\"has-medium-font-size\">Die diensthabene Praxis beginnt den Notdienst am jeweiligen Freitag ab 18 Uhr bis zur darrauffolgenden Woche Freitag 6 Uhr. Im Notdienst gilt der doppelte Geb\u00fchrensatz der GOT (Geb\u00fchrenordnung f\u00fcr Tier\u00e4rzte) zuz\u00fcglich 50 \u20ac Notdienstpauschale f\u00fcr jeden Notfall.<\/p>\n\n\n\n<p class=\"has-medium-font-size\">Notf\u00e4lle sind grunds\u00e4tzlich telefonisch anzumelden.<\/p>\n\n\n\n<p><strong>06.\/07.12.<\/strong> <strong>Tierarztpraxis A. Go\u00dfrau<\/strong><br>Gewerbepark 10, 06369 Wei\u00dfandt-G\u00f6lzau, T: 0177\/2265970<\/p>\n\n\n\n<p><strong>13.\/14.12. Tierarztpraxis Dr. A. Todte<\/strong><br>Leopoldstr. 116, 06366 K\u00f6then, T: 03496\/219251, 0171\/8540769<\/p>\n\n\n\n<p><strong>20.\/21.12. Tierarztpraxis P. Berger<\/strong><br>(bis 27.12. 8 Uhr) Drosaer Gartenstr. 150, 06386 Osternienburger Land OT Drosa, T: 034979\/21353<\/p>\n\n\n\n<p><strong>27.\/28.12. Tierarztpraxis M. Tetz<\/strong><br>(ab 27.12. 8 Uhr) Elsnigker Str. 17, 06386 Osternienburger Land OT Reppichau, T: 0178\/5696750<\/p>\n\n\n\n<p><strong>03.\/04.01. Tierarztpraxis A. Go\u00dfrau<\/strong><br>Gewerbepark 10, 06369 Wei\u00dfandt-G\u00f6lzau, T: 0177\/2265970<\/p>\n\n\n\n<p><strong>10.\/11.01. VetaRegio Kleintierpraxis K\u00f6then<\/strong><br>Friedrich-Ebert Str. 40 a, 06366 K\u00f6then, T: 034973\/295719<\/p>\n\n\n\n<p><strong>17.\/18.01. Tierarztpraxis P. Berger<\/strong><br>Drosaer Gartenstr. 150, 06386 Osternienburger Land OT Drosa,<br>T: 034979\/21353<\/p>\n\n\n\n<p><strong>24.\/25.01. VetaRegio Kleintierpraxis K\u00f6then<\/strong><br>Friedrich-Ebert Str. 40 a, 06366 K\u00f6then, T: 034973\/295719<\/p>\n\n\n\n<p><strong>30.01.\/01.02. Tierarztpraxis M. Tetz<\/strong><br>Elsnigker Str. 17, 06386 Osternienburger Land OT Reppichau,<br>T: 0178\/5696750<\/p>\n\n\n\n<p><strong>07.\/08.02. Tierarztpraxis P. Berger<\/strong><br>Drosaer Gartenstr. 150, 06386 Osternienburger Land OT Drosa,<br>T: 034979\/21353<\/p>\n\n\n\n<p><strong>14.\/15.02. Tierarztpraxis A. Go\u00dfrau<\/strong><br>Gewerbepark 10, 06369 Wei\u00dfandt-G\u00f6lzau, T: 0177\/2265970<\/p>\n\n\n\n<p><strong>21.\/22.02. Tierarztpraxis Dr. A. Todte<\/strong><br>Leopoldstr. 116, 06366 K\u00f6then, T: 03496\/219251, 0171\/8540769<\/p>\n\n\n\n<p><strong>28.02.\/01.03. VetaRegio Kleintierpraxis K\u00f6then<\/strong><br>Friedrich-Ebert Str. 40 a, 06366 K\u00f6then, T: 034973\/295719<\/p>\n\n\n\n<p><strong>07.\/08.03. Tierarztpraxis M. Tetz<\/strong><br>Elsnigker Str. 17, 06386 Osternienburger Land OT Reppichau,<br>T: 0178\/5696750<\/p>\n\n\n\n<p><strong>14.\/15.03. Tierarztpraxis Dr. A. Todte<\/strong><br>Leopoldstr. 116, 06366 K\u00f6then, T: 03496\/219251, 0171\/8540769<\/p>\n\n\n\n<p><strong>21.\/22.03. Tierarztpraxis A. Go\u00dfrau<\/strong><br>Gewerbepark 10, 06369 Wei\u00dfandt-G\u00f6lzau, T: 0177\/2265970<\/p>\n\n\n\n<p><strong>28.\/29.03. VetaRegio Kleintierpraxis K\u00f6then<\/strong><br>Friedrich-Ebert Str. 40 a, 06366 K\u00f6then, T: 034973\/295719<\/p>\n\n\n\n<p><strong>03.\/04.\/05.04. Tierarztpraxis M. Tetz<\/strong><br>(Karfreitag ab 6 Uhr) Elsnigker Str. 17, 06386 Osternienburger Land OT Reppichau, T: 0178\/5696750<\/p>\n\n\n\n<p><strong>11.\/12.04. Tierarztpraxis Dr. A. Todte<\/strong><br>Leopoldstr. 116, 06366 K\u00f6then, T: 03496\/219251, 0171\/8540769<\/p>\n\n\n\n<p><strong>18.\/19.04. Tierarztpraxis P. Berger<\/strong><br>Drosaer Gartenstr. 150, 06386 Osternienburger Land OT Drosa,<br>T: 034979\/21353<\/p>\n\n\n\n<p><strong>25.\/26.04. Tierarztpraxis A. Go\u00dfrau<\/strong><br>(bis 02.05. um 8 Uhr) Gewerbepark 10, 06369 Wei\u00dfandt-G\u00f6lzau, T: 0177\/2265970<\/p>\n\n\n\n<p><strong>02.\/03.05. <strong>Tierarztpraxis Dr. A. Todte<\/strong><br><\/strong>(ab 02.05. um 8 Uhr) Leopoldstr. 116, 06366 K\u00f6then, T: 03496\/219251, 0171\/8540769<\/p>\n\n\n\n<p><strong>09.\/10.05. Tierarztpraxis M. Tetz<\/strong><br>Elsnigker Str. 17, 06386 Osternienburger Land OT Reppichau,<br>T: 0178\/5696750<\/p>\n\n\n\n<p><strong>16.\/17.05. VetaRegio Kleintierpraxis K\u00f6then<\/strong><br> Friedrich-Ebert Str. 40 a, 06366 K\u00f6then, T: 034973\/295719<\/p>\n\n\n\n<p><strong>23.\/24.05. Tierarztpraxis P. Berger<\/strong><br>Drosaer Gartenstr. 150, 06386 Osternienburger Land OT Drosa,<br>T: 034979\/21353<\/p>\n\n\n\n<p><strong>30.\/31.05. VetaRegio Kleintierpraxis K\u00f6then<\/strong><br>Friedrich-Ebert Str. 40 a, 06366 K\u00f6then, T: 034973\/295719<\/p>\n\n\n\n<p><strong>06.\/07.06. Tierarztpraxis A. Go\u00dfrau<\/strong><br>Gewerbepark 10, 06369 Wei\u00dfandt-G\u00f6lzau, T: 0177\/2265970<\/p>\n\n\n\n<pre class=\"wp-block-preformatted has-small-font-size\"><br><br><\/pre>\n\n\n\n<p class=\"has-small-font-size\"><\/p>\n\n\n\n<p>Die Angaben sind unter Vorbehalt kurzfristiger \u00c4nderungen.  Wir bieten Ihnen hier die M\u00f6glichkeit nach tier\u00e4rztlichen Notdiensten in Ihrer Umgebung zu suchen.<\/p>\n\n\n\n<p><a href=\"https:\/\/www.tieraerztliche-notdienste.de\/notdienst-tierarzt\/\">https:\/\/www.tieraerztliche-notdienste.de\/notdienst-tierarzt\/<\/a><\/p>\n","protected":false},"excerpt":{"rendered":"<p>Die diensthabene Praxis beginnt den Notdienst am jeweiligen Freitag ab 18 Uhr bis zur darrauffolgenden Woche Freitag 6 Uhr. Im Notdienst gilt der doppelte Geb\u00fchrensatz der GOT (Geb\u00fchrenordnung f\u00fcr Tier\u00e4rzte) zuz\u00fcglich 50 \u20ac Notdienstpauschale f\u00fcr jeden Notfall. Notf\u00e4lle sind grunds\u00e4tzlich telefonisch anzumelden. 06.\/07.12. Tierarztpraxis A. Go\u00dfrauGewerbepark 10, 06369 Wei\u00dfandt-G\u00f6lzau, T: 0177\/2265970 13.\/14.12. Tierarztpraxis Dr. A. <a href=\"https:\/\/www.tierarztpraxis-todte.de\/index.php\/notdienst\/\" class=\"more-link\">...weiterlesen<span class=\"screen-reader-text\"> \"Notdienst vom\u00a005.12.2025 \u2013 06.06.2026\"<\/span><\/a><\/p>\n","protected":false},"author":2,"featured_media":0,"parent":0,"menu_order":0,"comment_status":"closed","ping_status":"closed","template":"","meta":{"footnotes":""},"_links":{"self":[{"href":"https:\/\/www.tierarztpraxis-todte.de\/index.php\/wp-json\/wp\/v2\/pages\/42"}],"collection":[{"href":"https:\/\/www.tierarztpraxis-todte.de\/index.php\/wp-json\/wp\/v2\/pages"}],"about":[{"href":"https:\/\/www.tierarztpraxis-todte.de\/index.php\/wp-json\/wp\/v2\/types\/page"}],"author":[{"embeddable":true,"href":"https:\/\/www.tierarztpraxis-todte.de\/index.php\/wp-json\/wp\/v2\/users\/2"}],"replies":[{"embeddable":true,"href":"https:\/\/www.tierarztpraxis-todte.de\/index.php\/wp-json\/wp\/v2\/comments?post=42"}],"version-history":[{"count":52,"href":"https:\/\/www.tierarztpraxis-todte.de\/index.php\/wp-json\/wp\/v2\/pages\/42\/revisions"}],"predecessor-version":[{"id":450,"href":"https:\/\/www.tierarztpraxis-todte.de\/index.php\/wp-json\/wp\/v2\/pages\/42\/revisions\/450"}],"wp:attachment":[{"href":"https:\/\/www.tierarztpraxis-todte.de\/index.php\/wp-json\/wp\/v2\/media?parent=42"}],"curies":[{"name":"wp","href":"https:\/\/api.w.org\/{rel}","templated":true}]}}